et t(z) = 3*z**3 - 19*z**2 + 52*z - 28. Let a(v) = -8*l(v) + 3*t(v). Give a(6).
0
Suppose 3*g = -3*d - 6, 2*d + 4 = -2. Let k(p) = p**2 - g - 315*p + 315*p + 13*p**3. Suppose 11*f = 9*f - 2. Give k(f).
-13
Let o = 2912 - 2908. Let u(k) = k + 6. What is u(o)?
10
Suppose 0 = 4*g + 2*a + 190, 9 = -g + 4*a - 16. Suppose 0 = 174*j - 172*j - 106. Let n = j + g. Let t(w) = -w**3 + 9*w**2 - 6*w - 5. What is t(n)?
11
Let z(h) be the third derivative of 1/20*h**5 + 0 - 25*h**2 + 0*h + 1/24*h**4 - 13/6*h**3. Let v(g) be the first derivative of z(g). Determine v(1).
7
Let a(o) be the second derivative of 0 - 7/6*o**3 + o**2 - 4*o. Suppose -42*v = -37*v - 15. What is a(v)?
-19
Let q(j) = -6*j**2 - 10*j - 4. Let f = -7230 + 7227. What is q(f)?
-28
Let u(j) = j**3 - 23*j**2 - 6. Let x(f) = -f**3 + 41*f**2 - 78*f + 23. Let g be x(39). What is u(g)?
-6
Suppose 4*q + 110 = 2*a, -20*a + 8*q - 26 = -22*a. Let r(m) = m**2 - 47*m + 242. Determine r(a).
-4
Let y(u) = u - 5. Let c(m) = 6*m**3 + m**2 + 37. Let i be c(0). Suppose -15*r - 142 + i = 0. Calculate y(r).
-12
Let u(t) = 109*t - 13. Let s(b) = -294*b + 33. Let h(v) = 10*s(v) + 27*u(v). What is h(16)?
27
Let z(g) be the first derivative of g**4/4 + 13*g**3/3 + 6*g**2 - 6*g - 20. Suppose 9*q - 59 = -1796. Let a = -205 - q. Calculate z(a).
-6
Let x(r) = 14*r**2 + 3*r + 2. Suppose -5*y + 925 = 5*z, 553 = 3*z - 6*y + 11*y. Suppose z = -9*d + 177. Calculate x(d).
13
Let f be 8 + -5 + ((-2)/1 - -1). Let m(g) = 5 - 3*g**2 + 0*g**2 - 5*g + 10*g**2 - 6*g**f. Suppose -3*p + 5*r = -26, -2*p + 2*r - 3*r = -13. Give m(p).
19
Let p(k) be the first derivative of -1/6*k**3 - 1/6*k**4 - 31 + 2*k**2 - 18*k. Let r(n) be the first derivative of p(n). Calculate r(-3).
-11
Let o(d) = 2*d**2 - 32*d + 71. Suppose 21*f = -146 + 419. Give o(f).
-7
Let s be (159/(-6))/(11/44). Let c be s/901 - 172/(-17). Let y(n) = n**3 - 10*n**2 - 4. Give y(c).
-4
Let o(m) be the second derivative of m**5/20 + m**4/6 + 3*m**2/2 + 119*m. Suppose 5*z + 105 = 5*w, -6*w - 54 = 2*z - 2*w. Let s = z + 20. Give o(s).
-6
Let a(b) = -5*b + 5 + 2*b - 6*b. Let m(h) be the third derivative of -h**4/24 - 521*h**2. Let t(j) = a(j) - 2*m(j). Calculate t(4).
-23
Let g(s) = 6*s + 55. Let l be -1 - (-27)/25 - (-1662)/(-150). Determine g(l).
-11
Let t = 3318 + -3353. Let m(a) = -2*a - 69. Give m(t).
1
Let y(o) be the second derivative of o**4/6 + o**3 - 6*o**2 + 1838*o - 2. What is y(-5)?
8
Suppose 7*l = 2*l + 65. Let j(i) = -3*i + 32. Let m be j(l). Let d(t) = t**3 + 8*t**2 + 8*t + 3. What is d(m)?
-4
Let j(c) = c**3 + 10*c**2 + 2*c - 2. Suppose -2*z + 7*g - 6*g = -3, z - 24 = -4*g. Suppose y = -o - 13, z*y = -3*o + o - 32. Give j(o).
-22
Let c(r) = 3*r**2 - 15*r + 1. Let o(y) = -y**2 + 3*y - 1. Suppose 4*l + 10 = 2*g, -5*g - 5*l + 1 - 21 = 0. Let k(n) = g*c(n) - 4*o(n). Calculate k(-2).
1
Let x(q) = -q**2 + q + 4. Let z be (-2)/(-6) + 665/21 - -3. Suppose z = -u + 39. Let c be 2 + -7 + (12/u - 2). Determine x(c).
-16
Let r(a) = -a**2 + 8*a - 7. Let o(i) = -23*i + 78. Let m be o(4). Let h be m/6*273/(-91). Give r(h).
0
Let u(v) be the second derivative of -v**5/10 - 2*v**2 + 2000*v. Determine u(3).
-58
Let z(n) = n**2 - 6*n + 6. Suppose -5*c = 4*f - 52, 3*c + 0*f = -4*f + 28. Suppose -77*j = -73*j + c. Let t be (2/4)/((-29)/10 - j). Determine z(t).
1
Let a = 217 + -368. Let x = -152 - a. Let j(z) = -1 + z + 1 + 4*z. Calculate j(x).
-5
Suppose -3*z - 3*s + 2*s + 10 = 0, -s + 4 = 0. Let o(q) = -3*q + 1. Let g(a) = -22*a + 8. Suppose 281 = -12*x + 377. Let l(r) = x*o(r) - g(r). Determine l(z).
-4
Let a(b) = -b**2 - 16*b + 65. Let w = 4520 - 4538. Calculate a(w).
29
Let z(y) = y**3 + 7*y**2 + 8*y + 50. Let q be (-900)/130 - 5/65. Calculate z(q).
-6
Let q = 325 - 317. Let y(h) = h**2 - 13*h + 13. Let v(c) = -c + 1. Let k(r) = v(r) - y(r). Let g(u) be the first derivative of k(u). Calculate g(q).
-4
Suppose -42*o + 43*o - 23 = 0. Let g(a) = -a**3 + o - 9*a - 6*a**2 - 16 + 26*a. Let l be g(-8). Let y(z) = 7*z**3 + z**2. Give y(l).
-6
Suppose 4*s - 5*k = -22 + 1, 3*s - 4*k = -17. Let i(l) = -l**3 + l**2. Let v(n) = -14*n**3 + 4*n**2 + n + 1. Let d(p) = s*v(p) - 3*i(p). What is d(-1)?
12
Let g(p) = 72*p + 2364. Let c be g(-33). Let r(z) = z**3 + 13*z**2 + 15*z + 31. Determine r(c).
-5
Let p(f) = -f**2 - 5*f + 5. Let r(g) = 12*g + 16. Let q be r(-1). Let v be (-165)/30 - (-2)/q. What is p(v)?
5
Let i be (1 + 35/15)/(4/(-12)). Let k(o) = o**3 + 9*o**2 - 8*o + 23. Let s be k(i). Let d(y) = 2*y**2 + y**3 - s*y + 0*y + 4*y**2 + 5*y + 6. What is d(-6)?
-6
Suppose -4*u + 3*a = -a + 32, -10 = 5*u + 5*a. Let v(b) = 4*b**2 + 20*b - 3. Calculate v(u).
-3
Suppose -5*m + 55 = 5*g - 0*g, -3*g = -m - 21. Let l be (-1)/((13 - g)/(-15)). Let q(w) = w**2 - 4*w + 3. Calculate q(l).
0
Suppose -7*s = -5*o - 9*s + 15, 5*o = -4*s + 25. Let y(l) = -10 + 11 - 2*l - 7*l**2 - 11*l**2. What is y(o)?
-19
Let o = 45 + -144. Let j = o - -101. Let c(z) = 97*z**2 + 10*z**3 - 45*z**j - 51*z**2. Give c(1).
11
Let g(p) = -7*p**2 + 20*p**2 - 14*p**2. Let s(q) = 2*q**2 - 18*q + 9. Let r(x) = -3*g(x) - s(x). Let v be r(-18). Let b(w) = -w**2 - 8*w + 3. Give b(v).
-6
Let g(b) be the second derivative of -b**5/20 + b**4 - 2*b**3 - 9*b**2 - 3222*b. What is g(11)?
-29
Let o(p) = 5*p**2 + 2*p + 7. Let h(y) = 9*y**2 + 4*y + 13. Let r(c) = c. Let l(d) = h(d) + r(d). Let b(i) = -4*l(i) + 7*o(i). Give b(-7).
-10
Suppose 2*h = 3*n - 24, 5*n + 3 = 4*n - 3*h. Let g(j) = 2*j**2 - 8*j + 4 - j**2 + 0*j - j. Give g(n).
-14
Let c(a) = 7*a**3 + 16*a**2 + 18*a + 8. Let q(i) = 4*i**3 + 8*i**2 + 9*i + 4. Let z(r) = -3*c(r) + 5*q(r). Let s = 105 + -111. What is z(s)?
-22
Let v(q) = -3*q + 1. Let r be v(-1). Let z(s) = -s**2 - s + 5. Let w be z(0). Let m(u) = u**2 + 0*u**2 - w*u**2 + u**3 + 3*u. Calculate m(r).
12
Let m(q) be the third derivative of 0*q + 1/24*q**4 - 208 + q**2 - 1/3*q**3. What is m(2)?
0
Suppose 38 = 5*u - 3*o, -5*u + 4*o - 4 = -38. Let n(f) = f**2 - 5*f - 41. What is n(u)?
9
Suppose 2*b - 212 = -0*b - y, 4*b = 3*y + 444. Suppose -16*t + b = -28*t. Let q(a) = -a**2 - 6*a + 12. Determine q(t).
-15
Let w(r) be the third derivative of r**5/60 + r**4/4 - 7*r**3/6 - 505*r**2. Calculate w(-11).
48
Suppose 0 = 4*p - z - 11, -2*p + 15 - 2 = -3*z. Let d(r) = p - 50*r + 14*r + 12*r + 23*r. Calculate d(0).
2
Let s(u) = -u**3 + 2*u**2 + 9*u - 10. Let l(h) = 2*h**2 - 13*h + 14. Let t be l(1). What is s(t)?
8
Let q(t) = -41*t - 403. Let f = 41439 + -41449. Determine q(f).
7
Let p(x) = 5*x**2 - 4*x + 4. Let y(m) = 14*m**2 - 10*m + 12. Let n(f) = -11*p(f) + 4*y(f). Calculate n(-6).
16
Suppose 14*l - 21 = 49. Suppose 2*g - 2*z - 4 = 0, 0 = 4*z - l*z + 1. Let i(c) = -c**2 - 3*c - 1. Give i(g).
-19
Let c(d) be the second derivative of d**5/20 - 5*d**4/12 - 3*d**2/2 + d. Let n be (-2700)/(-24)*(-8)/(-6). Suppose -n = -20*p - 10*p. What is c(p)?
-3
Let n(h) = -259*h**3 - 25 + 99*h**3 - 2*h**2 + 81*h**3 + 78*h**3 + 18*h. What is n(-6)?
11
Let s(r) be the first derivative of -10*r**2 - 4*r + 727. Give s(-1).
16
Let q be 34/(-6) + (-6443)/(-1137). Let o(s) = 5*s - 26. Let p(y) = 3*y - 13. Let v(a) = -4*o(a) + 7*p(a). What is v(q)?
13
Suppose 2*v - 46 + 56 = 0. Let c = -7 + 11. Let x(h) = -2 - 3*h + 5*h + 0 + c. What is x(v)?
-8
Let q = 7 - 5. Suppose q - 4 = d. Let c(k) = -82*k - 21. Let y(i) = -36*i - 9. Let b(a) = 3*c(a) - 7*y(a). Give b(d).
-12
Let i(k) be the first derivative of -5*k**2/2 - 10*k + 605. What is i(-4)?
10
Let p(u) = -20*u + 20. Suppose -15*y + 20 = -5*y. Let d(i) = 7*i - 6. Let z(f) = y*p(f) + 7*d(f). Determine z(-1).
-11
Let s = -13306 + 13299. Let b(k) = k**2 - k - 74. Give b(s).
-18
Suppose -3706 = -4*g + 2*k, 2*k - 16 = -g + 913. Let w(f) = 916*f - 9 + f**2 - 2*f**2 - g*f. Calculate w(-7).
19
Let z(p) = -12*p - 130. Let a(k) = -7*k - 65. Let y(q) = 7*a(q) - 3*z(q). Let g be y(-5). Let h(w) = -w**3 + w**2 - 1. Give h(g).
-1
Let m(d) = -d**3 + 4*d**2 - 2*d. Let p = 123 + -73. Let b = p + -46. Suppose -4*x - 4*a + 22 = -6*a, -3*a + 7 = b*x. What is m(x)?
-8
Let b(d) = d**2 - d + 1. Let s(w) = -w**2 - 3*w**2 + 5*w - 6 - 9*w**2 + 6*w**2. Let p(j) = -4*b(j) - s(j). Give p(3).
26
Let f(h) = -h**3 - 5*h + 2. Suppose -4*v + 11 = 18*t - 17*t, 5*t - 9 = 3*v. What is f(t)?
-40
Let g be (-24)/(9 + -5) - -2. Let k(s) be the third d